{"version":"1.0","provider_name":"Arouca Film Festival","provider_url":"http:\/\/aroucafilmfestival.com\/en","title":"Programa 2021 - Arouca Film Festival","type":"rich","width":600,"height":338,"html":"<blockquote class=\"wp-embedded-content\" data-secret=\"7Xlo1ENBRt\"><a href=\"http:\/\/aroucafilmfestival.com\/en\/festival-2021\/programa-2021\/\">2021 Program<\/a><\/blockquote><iframe sandbox=\"allow-scripts\" security=\"restricted\" src=\"http:\/\/aroucafilmfestival.com\/en\/festival-2021\/programa-2021\/embed\/#?secret=7Xlo1ENBRt\" width=\"600\" height=\"338\" title=\"&#8220;Programa 2021&#8221; &#8212; Arouca Film Festival\" data-secret=\"7Xlo1ENBRt\" frameborder=\"0\" marginwidth=\"0\" marginheight=\"0\" scrolling=\"no\" class=\"wp-embedded-content\"><\/iframe><script type=\"text\/javascript\">\n\/* <![CDATA[ *\/\n\/*! This file is auto-generated *\/\n!function(d,l){\"use strict\";l.querySelector&&d.addEventListener&&\"undefined\"!=typeof URL&&(d.wp=d.wp||{},d.wp.receiveEmbedMessage||(d.wp.receiveEmbedMessage=function(e){var t=e.data;if((t||t.secret||t.message||t.value)&&!\/[^a-zA-Z0-9]\/.test(t.secret)){for(var s,r,n,a=l.querySelectorAll('iframe[data-secret=\"'+t.secret+'\"]'),o=l.querySelectorAll('blockquote[data-secret=\"'+t.secret+'\"]'),c=new RegExp(\"^https?:$\",\"i\"),i=0;i<o.length;i++)o[i].style.display=\"none\";for(i=0;i<a.length;i++)s=a[i],e.source===s.contentWindow&&(s.removeAttribute(\"style\"),\"height\"===t.message?(1e3<(r=parseInt(t.value,10))?r=1e3:~~r<200&&(r=200),s.height=r):\"link\"===t.message&&(r=new URL(s.getAttribute(\"src\")),n=new URL(t.value),c.test(n.protocol))&&n.host===r.host&&l.activeElement===s&&(d.top.location.href=t.value))}},d.addEventListener(\"message\",d.wp.receiveEmbedMessage,!1),l.addEventListener(\"DOMContentLoaded\",function(){for(var e,t,s=l.querySelectorAll(\"iframe.wp-embedded-content\"),r=0;r<s.length;r++)(t=(e=s[r]).getAttribute(\"data-secret\"))||(t=Math.random().toString(36).substring(2,12),e.src+=\"#?secret=\"+t,e.setAttribute(\"data-secret\",t)),e.contentWindow.postMessage({message:\"ready\",secret:t},\"*\")},!1)))}(window,document);\n\/\/# sourceURL=http:\/\/aroucafilmfestival.com\/wp-includes\/js\/wp-embed.min.js\n\/* ]]> *\/\n<\/script>","description":"Programa Edi\u00e7\u00e3o 19 09 de Setembro QUINTA-FEIRA &nbsp;16:00h &#8211; 17:00h Associa\u00e7\u00e3o AMPLO, Porto Coffee and Cinema:&nbsp;Tert\u00falia Cinematogr\u00e1fica \u201cA Inclus\u00e3o no Mundo do Cinema\u201d 10 de Setembro Sexta-FEIRA 21:00h Casa da Criatividade Cerim\u00f3nia Pr\u00e9-abertura: Rece\u00e7\u00e3o convidados Rever Momento 21:20h Casa da Criatividade 2\u00aa Sess\u00e3o Competitiva: Proje\u00e7\u00e3o 21:30h Casa da Criatividade Cine S. Jo\u00e3o:&nbsp;Proje\u00e7\u00e3o do filme&nbsp;\u201cBEMBOM\u201d 23:10h Casa da Criatividade Tert\u00falia cinematogr\u00e1fica: Convidados 11 de Setembro S\u00e1bado 11:00h &#8211; 12:30h Viarco Workshop: O cinema e o Chap\u00e9u 20:30h Arouca 3\u00aa Sess\u00e3o Competitiva:&nbsp;Proje\u00e7\u00e3o filmes em competi\u00e7\u00e3o 20:35h Arouca 4\u00aa Sess\u00e3o Competitiva:&nbsp;Proje\u00e7\u00e3o do filme&nbsp;\u201cThe road to Eden\u201d 12 de Setembro Domingo 15:00h S\u00e3o Jo\u00e3o da Madeira Marcha LGBT 20:30h Loja dos Doces Conventuais 5\u00aa Sess\u00e3o Competitiva:&nbsp;Proje\u00e7\u00e3o filmes competi\u00e7\u00e3o 20:35h Loja dos Doces Conventuais 6\u00aa Sess\u00e3o Competitiva:&nbsp;Proje\u00e7\u00e3o do filme&nbsp;\u201cLinha da frente Brazil\u201d 21:00h Pa\u00e7os da Cultura Proje\u00e7\u00e3o do filme \u201cBEMBOM\u201d 13 de Setembro Segunda-feira 14:00h &#8211; 16:00h Mentemovimento Associa\u00e7\u00e3o Workshop:&nbsp;Do cinema \u00e0 escrita 20:30h Loja dos Doces Conventuais 7\u00aa Sess\u00e3o Competitiva: Proje\u00e7\u00e3o filmes em competi\u00e7\u00e3o 14 de Setembro Ter\u00e7a-Feira 14:00h &#8211; 16:00h Mentemovimento Associa\u00e7\u00e3o Workshop: Do cinema \u00e1 escrita 14:30h &#8211; 17:35h Escola Secund\u00e1ria de Arouca &nbsp;Programa Educativo: Cinema na Escola +&nbsp;Sess\u00e3o Competitiva 20:30h Loja dos Doces Conventuais 8\u00aa Sess\u00e3o Competitiva: Proje\u00e7\u00e3o filmes em competi\u00e7\u00e3o 15 de Setembro Quarta-feira 09:30h &#8211; 12:30h Escola Secund\u00e1ria de Arouca Programa Educativo: Cinema na Escola &#8211; A hist\u00f3ria do cinema e o seu poder com os futuros l\u00edderes 14:30h &#8211; 17:15h Escola Secund\u00e1ria de Arouca Programa Educativo: Cinema na Escola &#8211; Team Work 20:30h Loja dos Doces Conventuais 9\u00aa Sess\u00e3o Competitiva: Proje\u00e7\u00e3o filmes em competi\u00e7\u00e3o 16 de Setembro Quinta-feira 10:30h a 11:30h Conversa \/ Debate&nbsp;com realizador (Lu\u00eds Ismael) 15:00h-16:00h Pra\u00e7a da Batalha Workshop: Vintage Jazz para o cinema (Organiza\u00e7\u00e3o Botaswing) Rever Momento 20:30h Loja dos Doces Conventuais 10\u00aa Sess\u00e3o Competitiva: Proje\u00e7\u00e3o filmes em competi\u00e7\u00e3o 17 de Setembro Sexta-feira 9:30h &#8211; 12:30h Escola Secund\u00e1ria de Arouca Programa Educativo: Cinema na Escola &#8211; A import\u00e2ncia do storytelling no cinema 14:30h &#8211; 15:30h Escola Secund\u00e1ria de Arouca Programa Educativo | Cinema na Escola + Sess\u00e3o Competitiva | ESA Arouca 15:30h &#8211; 16:30h Loja dos Doces Conventuais Coffee and Cinema: \u201cA inclus\u00e3o no cinema\u201d Conversa com institui\u00e7\u00f5es LGBTI Transmiss\u00e3o em direto no Facebook 21:00h Loja Interativa de Turismo Abertura de portas \/ Rece\u00e7\u00e3o aos convidados Anima\u00e7\u00e3o musical&nbsp;&#8211; Grupo Tubax \/&nbsp;Anima\u00e7\u00e3o Cultural &#8211; GCRR Transmiss\u00e3o em direto no Facebook 21:15h Loja Interativa de Turismo 21:15h &#8211; Cerim\u00f3nia de abertura do 19.\u00ba Arouca Film Festival Transmiss\u00e3o em direto no Facebook 21:20h Loja Interativa de Turismo Discursos de Abertura Transmiss\u00e3o em direto no Facebook 21:35h Loja Interativa de Turismo Debate\/Tert\u00falia \u201cA import\u00e2ncia da inclus\u00e3o na ind\u00fastria do cinema\u201d Transmiss\u00e3o em direto no Facebook 22:30h Loja Interativa de Turismo 11\u00aa Sess\u00e3o Competitiva \u2013 Proje\u00e7\u00e3o de filmes em competi\u00e7\u00e3o Transmiss\u00e3o em direto no Facebook 22:35h Loja Interativa de Turismo Proje\u00e7\u00e3o do filme de abertura do 19\u00ba Arouca Film Festival \u201cBEMBOM\u201d Transmiss\u00e3o em direto no Facebook 18 de Setembro S\u00e1bado 14:30h-17:30h Loja dos Doces Conventuais Workshop: Escrita para Cinema e Realiza\u00e7\u00e3o Cineasta Jos\u00e9 Pedro Lopes e Maria Castillo \/ In\u00edcio Workshop Transmiss\u00e3o em direto no Facebook 18:10h Arouca Visita Guiada ao&nbsp;Centro de Arouca 18:10h Arouca Jantar dos Realizadores 21:15h Loja dos Doces Conventuais 12\u00aa Sess\u00e3o Competitiva: Proje\u00e7\u00e3o de filmes em competi\u00e7\u00e3o 22:15h Loja dos Doces Conventuais Cerim\u00f3nia de Encerramento:&nbsp;An\u00fancio dos vencedores da 19\u00aa edi\u00e7\u00e3o 22:15h Loja dos Doces Conventuais A Festa do Cinema Festa tem\u00e1tica 09 de setembro | sexta-feira | S. Jo\u00e3o da Madeira 16:00h \u00e0s 17:00h: Coffee and Cinema: Tert\u00falia Cinematogr\u00e1fica&nbsp; \u201cA Inclus\u00e3o no Mundo do Cinema\u201d | Associa\u00e7\u00e3o AMPLOS | Porto Transmiss\u00e3o em direto no Facebook 10 de setembro | sexta-feira | S. Jo\u00e3o da Madeira 21:00h: Cerim\u00f3nia Pr\u00e9-abertura: Rece\u00e7\u00e3o convidados | Casa da Criatividade 21:20h: 2\u00aa Sess\u00e3o Competitiva: Proje\u00e7\u00e3o | Casa da Criatividade 21:30h: Cine S. Jo\u00e3o: Proje\u00e7\u00e3o do filme \u201cBEMBOM\u201d | Casa da Criatividade 23:10h: Tert\u00falia cinematogr\u00e1fica: Convidados | Casa da Criatividade 11 de setembro | s\u00e1bado | Arouca 11:00 \u00e0s 12:30: Workshop: O cinema e o Chap\u00e9u | The Fox | SJM | Viarco 20:30h: 3\u00aa Sess\u00e3o Competitiva: Proje\u00e7\u00e3o filmes em competi\u00e7\u00e3o | Arouca 20:35h: 4\u00aa Sess\u00e3o Competitiva: Proje\u00e7\u00e3o do filme \u201cThe road to Eden\u201d | Arouca 12 de setembro | domingo | Arouca 15:00h: Marcha LGBT | SJM&nbsp; 20:30h: 5\u00aa Sess\u00e3o Competitiva: Proje\u00e7\u00e3o filmes competi\u00e7\u00e3o | Arouca | Loja dos Doces 20:35h: 6\u00aa Sess\u00e3o Competitiva: Proje\u00e7\u00e3o do filme \u201cLinha da frente Brazil\u201d | Arouca&nbsp; 21:00h: Proje\u00e7\u00e3o do filme \u201cBEMBOM\u201d | Pa\u00e7os da Cultura | SJM 13 de setembro | segunda-feira | S. Jo\u00e3o da Madeira 14:00h a 16:00h: Workshop: do cinema \u00e0 escrita | Mentemovimento | SJM 20:30h: 7\u00aa Sess\u00e3o Competitiva: Proje\u00e7\u00e3o filmes em competi\u00e7\u00e3o | Loja dos Doces&nbsp; 14 de setembro | ter\u00e7a-feira | Arouca | ESA 14:00 a 16:00: Workshop: do cinema \u00e1 escrita | Mentemovimiento | SJM 14:30h-17:15h: Programa Educativo | Cinema na Escola + Sess\u00e3o Competitiva| ESA&nbsp; 20:30h: 8\u00aa Sess\u00e3o Competitiva: Proje\u00e7\u00e3o filmes em competi\u00e7\u00e3o | Loja dos Doces 15 de setembro | quarta-feira | Arouca | ESA 9:30h-12:30h: Programa Educativo | Cinema na Escola | A hist\u00f3ria do cinema e o seu poder com os futuros l\u00edderes | ESA Arouca 14:30h-17:15h: Programa Educativo | Cinema na Escola | Team Work | ESA Arouca 20:30h: 9\u00aa Sess\u00e3o Competitiva: Proje\u00e7\u00e3o filmes em competi\u00e7\u00e3o | Loja dos Doces 16 de setembro | Quinta-feira | Porto | Arouca 10:30h-11:30h: Transmiss\u00e3o e conversa \/ debate em direto com realizador 15:00-16:00h: Workshop: vintage Jazz para o cinema | Organiza\u00e7\u00e3o Botaswing | Pra\u00e7a da Batalha (frente ao teatro S\u00e3o Jo\u00e3o) Porto 20:30h: 10\u00aa Sess\u00e3o Competitiva: Proje\u00e7\u00e3o filmes em competi\u00e7\u00e3o | Loja dos Doces 17 de setembro | sexta-feira | Arouca 9:30h-12:30h: Programa Educativo | Cinema na Escola | A import\u00e2ncia do storytelling no cinema | ESA Arouca 14:30h-15:30h: Programa Educativo | Cinema na Escola + Sess\u00e3o Competitiva | ESA Arouca 15:30h-16:30h: Coffee and Cinema: \u201cA inclus\u00e3o no cinema\u201d Conversa com institui\u00e7\u00f5es LGBTI | Arouca | transmiss\u00e3o em direto no Facebook | Loja dos Doces Loja Interativa de Turismo de Arouca (Transmiss\u00e3o em direto no Facebook) 21h00: Abertura de portas \/ rece\u00e7\u00e3o aos convidados","thumbnail_url":"https:\/\/aroucafilmfestival.com\/wp-content\/uploads\/2021\/08\/AFF-2021-Facebook-dias-1-2.jpg"}

Programa Edição 19 09 de Setembro QUINTA-FEIRA &nbsp;16:00h &#8211; 17:00h Associação AMPLO, Porto Coffee and Cinema:&nbsp;Tertúlia Cinematográfica “A Inclusão no Mundo do Cinema” 10 de Setembro Sexta-FEIRA 21:00h Casa da Criatividade Cerimónia Pré-abertura: Receção convidados Rever Momento 21:20h Casa da Criatividade 2ª Sessão Competitiva: Projeção 21:30h Casa da Criatividade Cine S. João:&nbsp;Projeção do filme&nbsp;“BEMBOM” 23:10h Casa da Criatividade Tertúlia cinematográfica: Convidados 11 de Setembro Sábado 11:00h &#8211; 12:30h Viarco Workshop: O cinema e o Chapéu 20:30h Arouca 3ª Sessão Competitiva:&nbsp;Projeção filmes em competição 20:35h Arouca 4ª Sessão Competitiva:&nbsp;Projeção do filme&nbsp;“The road to Eden” 12 de Setembro Domingo 15:00h São João da Madeira Marcha LGBT 20:30h Loja dos Doces Conventuais 5ª Sessão Competitiva:&nbsp;Projeção filmes competição 20:35h Loja dos Doces Conventuais 6ª Sessão Competitiva:&nbsp;Projeção do filme&nbsp;“Linha da frente Brazil” 21:00h Paços da Cultura Projeção do filme “BEMBOM” 13 de Setembro Segunda-feira 14:00h &#8211; 16:00h Mentemovimento Associação Workshop:&nbsp;Do cinema à escrita 20:30h Loja dos Doces Conventuais 7ª Sessão Competitiva: Projeção filmes em competição 14 de Setembro Terça-Feira 14:00h &#8211; 16:00h Mentemovimento Associação Workshop: Do cinema á escrita 14:30h &#8211; 17:35h Escola Secundária de Arouca &nbsp;Programa Educativo: Cinema na Escola +&nbsp;Sessão Competitiva 20:30h Loja dos Doces Conventuais 8ª Sessão Competitiva: Projeção filmes em competição 15 de Setembro Quarta-feira 09:30h &#8211; 12:30h Escola Secundária de Arouca Programa Educativo: Cinema na Escola &#8211; A história do cinema e o seu poder com os futuros líderes 14:30h &#8211; 17:15h Escola Secundária de Arouca Programa Educativo: Cinema na Escola &#8211; Team Work 20:30h Loja dos Doces Conventuais 9ª Sessão Competitiva: Projeção filmes em competição 16 de Setembro Quinta-feira 10:30h a 11:30h Conversa / Debate&nbsp;com realizador (Luís Ismael) 15:00h-16:00h Praça da Batalha Workshop: Vintage Jazz para o cinema (Organização Botaswing) Rever Momento 20:30h Loja dos Doces Conventuais 10ª Sessão Competitiva: Projeção filmes em competição 17 de Setembro Sexta-feira 9:30h &#8211; 12:30h Escola Secundária de Arouca Programa Educativo: Cinema na Escola &#8211; A importância do storytelling no cinema 14:30h &#8211; 15:30h Escola Secundária de Arouca Programa Educativo | Cinema na Escola + Sessão Competitiva | ESA Arouca 15:30h &#8211; 16:30h Loja dos Doces Conventuais Coffee and Cinema: “A inclusão no cinema” Conversa com instituições LGBTI Transmissão em direto no Facebook 21:00h Loja Interativa de Turismo Abertura de portas / Receção aos convidados Animação musical&nbsp;&#8211; Grupo Tubax /&nbsp;Animação Cultural &#8211; GCRR Transmissão em direto no Facebook 21:15h Loja Interativa de Turismo 21:15h &#8211; Cerimónia de abertura do 19.º Arouca Film Festival Transmissão em direto no Facebook 21:20h Loja Interativa de Turismo Discursos de Abertura Transmissão em direto no Facebook 21:35h Loja Interativa de Turismo Debate/Tertúlia “A importância da inclusão na indústria do cinema” Transmissão em direto no Facebook 22:30h Loja Interativa de Turismo 11ª Sessão Competitiva – Projeção de filmes em competição Transmissão em direto no Facebook 22:35h Loja Interativa de Turismo Projeção do filme de abertura do 19º Arouca Film Festival “BEMBOM” Transmissão em direto no Facebook 18 de Setembro Sábado 14:30h-17:30h Loja dos Doces Conventuais Workshop: Escrita para Cinema e Realização Cineasta José Pedro Lopes e Maria Castillo / Início Workshop Transmissão em direto no Facebook 18:10h Arouca Visita Guiada ao&nbsp;Centro de Arouca 18:10h Arouca Jantar dos Realizadores 21:15h Loja dos Doces Conventuais 12ª Sessão Competitiva: Projeção de filmes em competição 22:15h Loja dos Doces Conventuais Cerimónia de Encerramento:&nbsp;Anúncio dos vencedores da 19ª edição 22:15h Loja dos Doces Conventuais A Festa do Cinema Festa temática 09 de setembro | sexta-feira | S. João da Madeira 16:00h às 17:00h: Coffee and Cinema: Tertúlia Cinematográfica&nbsp; “A Inclusão no Mundo do Cinema” | Associação AMPLOS | Porto Transmissão em direto no Facebook 10 de setembro | sexta-feira | S. João da Madeira 21:00h: Cerimónia Pré-abertura: Receção convidados | Casa da Criatividade 21:20h: 2ª Sessão Competitiva: Projeção | Casa da Criatividade 21:30h: Cine S. João: Projeção do filme “BEMBOM” | Casa da Criatividade 23:10h: Tertúlia cinematográfica: Convidados | Casa da Criatividade 11 de setembro | sábado | Arouca 11:00 às 12:30: Workshop: O cinema e o Chapéu | The Fox | SJM | Viarco 20:30h: 3ª Sessão Competitiva: Projeção filmes em competição | Arouca 20:35h: 4ª Sessão Competitiva: Projeção do filme “The road to Eden” | Arouca 12 de setembro | domingo | Arouca 15:00h: Marcha LGBT | SJM&nbsp; 20:30h: 5ª Sessão Competitiva: Projeção filmes competição | Arouca | Loja dos Doces 20:35h: 6ª Sessão Competitiva: Projeção do filme “Linha da frente Brazil” | Arouca&nbsp; 21:00h: Projeção do filme “BEMBOM” | Paços da Cultura | SJM 13 de setembro | segunda-feira | S. João da Madeira 14:00h a 16:00h: Workshop: do cinema à escrita | Mentemovimento | SJM 20:30h: 7ª Sessão Competitiva: Projeção filmes em competição | Loja dos Doces&nbsp; 14 de setembro | terça-feira | Arouca | ESA 14:00 a 16:00: Workshop: do cinema á escrita | Mentemovimiento | SJM 14:30h-17:15h: Programa Educativo | Cinema na Escola + Sessão Competitiva| ESA&nbsp; 20:30h: 8ª Sessão Competitiva: Projeção filmes em competição | Loja dos Doces 15 de setembro | quarta-feira | Arouca | ESA 9:30h-12:30h: Programa Educativo | Cinema na Escola | A história do cinema e o seu poder com os futuros líderes | ESA Arouca 14:30h-17:15h: Programa Educativo | Cinema na Escola | Team Work | ESA Arouca 20:30h: 9ª Sessão Competitiva: Projeção filmes em competição | Loja dos Doces 16 de setembro | Quinta-feira | Porto | Arouca 10:30h-11:30h: Transmissão e conversa / debate em direto com realizador 15:00-16:00h: Workshop: vintage Jazz para o cinema | Organização Botaswing | Praça da Batalha (frente ao teatro São João) Porto 20:30h: 10ª Sessão Competitiva: Projeção filmes em competição | Loja dos Doces 17 de setembro | sexta-feira | Arouca 9:30h-12:30h: Programa Educativo | Cinema na Escola | A importância do storytelling no cinema | ESA Arouca 14:30h-15:30h: Programa Educativo | Cinema na Escola + Sessão Competitiva | ESA Arouca 15:30h-16:30h: Coffee and Cinema: “A inclusão no cinema” Conversa com instituições LGBTI | Arouca | transmissão em direto no Facebook | Loja dos Doces Loja Interativa de Turismo de Arouca (Transmissão em direto no Facebook) 21h00: Abertura de portas / receção aos convidados
