{"version":"1.0","provider_name":"Arouca Film Festival","provider_url":"https:\/\/aroucafilmfestival.com\/en","title":"Programa 2022 - Arouca Film Festival","type":"rich","width":600,"height":338,"html":"<blockquote class=\"wp-embedded-content\" data-secret=\"ivpo3MBtSV\"><a href=\"https:\/\/aroucafilmfestival.com\/en\/festival-2022\/programa-2022\/\">2022 Program<\/a><\/blockquote><iframe sandbox=\"allow-scripts\" security=\"restricted\" src=\"https:\/\/aroucafilmfestival.com\/en\/festival-2022\/programa-2022\/embed\/#?secret=ivpo3MBtSV\" width=\"600\" height=\"338\" title=\"&#8220;Programa 2022&#8221; &#8212; Arouca Film Festival\" data-secret=\"ivpo3MBtSV\" frameborder=\"0\" marginwidth=\"0\" marginheight=\"0\" scrolling=\"no\" class=\"wp-embedded-content\"><\/iframe><script type=\"text\/javascript\">\n\/* <![CDATA[ *\/\n\/*! This file is auto-generated *\/\n!function(d,l){\"use strict\";l.querySelector&&d.addEventListener&&\"undefined\"!=typeof URL&&(d.wp=d.wp||{},d.wp.receiveEmbedMessage||(d.wp.receiveEmbedMessage=function(e){var t=e.data;if((t||t.secret||t.message||t.value)&&!\/[^a-zA-Z0-9]\/.test(t.secret)){for(var s,r,n,a=l.querySelectorAll('iframe[data-secret=\"'+t.secret+'\"]'),o=l.querySelectorAll('blockquote[data-secret=\"'+t.secret+'\"]'),c=new RegExp(\"^https?:$\",\"i\"),i=0;i<o.length;i++)o[i].style.display=\"none\";for(i=0;i<a.length;i++)s=a[i],e.source===s.contentWindow&&(s.removeAttribute(\"style\"),\"height\"===t.message?(1e3<(r=parseInt(t.value,10))?r=1e3:~~r<200&&(r=200),s.height=r):\"link\"===t.message&&(r=new URL(s.getAttribute(\"src\")),n=new URL(t.value),c.test(n.protocol))&&n.host===r.host&&l.activeElement===s&&(d.top.location.href=t.value))}},d.addEventListener(\"message\",d.wp.receiveEmbedMessage,!1),l.addEventListener(\"DOMContentLoaded\",function(){for(var e,t,s=l.querySelectorAll(\"iframe.wp-embedded-content\"),r=0;r<s.length;r++)(t=(e=s[r]).getAttribute(\"data-secret\"))||(t=Math.random().toString(36).substring(2,12),e.src+=\"#?secret=\"+t,e.setAttribute(\"data-secret\",t)),e.contentWindow.postMessage({message:\"ready\",secret:t},\"*\")},!1)))}(window,document);\n\/\/# sourceURL=https:\/\/aroucafilmfestival.com\/wp-includes\/js\/wp-embed.min.js\n\/* ]]> *\/\n<\/script>","description":"Facebook Youtube Instagram Programa Edi\u00e7\u00e3o 2022 Quinta-FEIRA 8 de Setembro 20:35h S\u00e3o Jo\u00e3o da Madeira Abertura de Portas 20:50h Casa da Criatividade Cerim\u00f3nia Pr\u00e9-abertura: Rece\u00e7\u00e3o Convidados 21:00h Casa da Criatividade Dan\u00e7as | Amigos da Dan\u00e7as Transmiss\u00e3o 21:10h Casa da Criatividade Performance Teatral | Grupo Cultural e Recreativo de Rossas | Casa da Criatividade 21:30h Casa da Criatividade Discursos de abertura 21:50h Casa da Criatividade Tert\u00falia cinematogr\u00e1fica: Convidados 22:25h Casa da Criatividade 1\u00aa Sess\u00e3o Competitiva 22:30h Casa da Criatividade Cine S. Jo\u00e3o: Proje\u00e7\u00e3o do filme O pai tirano 9 de Setembro Sexta-FEIRA 21:15h Loja Interativa de Turismo 2\u00aa Sess\u00e3o Competitiva: Proje\u00e7\u00e3o 21:30h Loja Interativa de Turismo Proje\u00e7\u00e3o do filme galardoado \u201cSonic Fantasy\u201d e conversa com o realizador Marcos Cabot\u00e1\u00a0 23:30h Loja Interativa de Turismo Tert\u00falia cinematogr\u00e1fica: Conversa com o realizador Marcos Cabot\u00e1 10 de Setembro S\u00e1bado 19:00h S\u00e3o Jo\u00e3o da Madeira Workshop STOP MOTION | GIN Street and Food 21:40h &#8211; 21:50h Loja dos Doces Conventuais 3\u00aa Sess\u00e3o Competitiva: Proje\u00e7\u00e3o filmes em competi\u00e7\u00e3o 11 de Setembro Domingo 15:00h &#8211; 18:00h Loja Interativa de Turismo 4\u00aa Sess\u00e3o Competitiva: Proje\u00e7\u00e3o filmes competi\u00e7\u00e3o \/ 2 Longas 20:45h &#8211; 22:00h Loja dos Doces Conventuais 5\u00aa Sess\u00e3o Competitiva: Proje\u00e7\u00e3o filme \/ curtas 12 de Setembro Segunda-feira 15:30h Facebook Cinema and Wine: Conversa O Cinema Iraniano | Entrevista com Cineasta Javid Sobahni 20:45 Loja dos Doces Conventuais 6\u00aa Sess\u00e3o Competitiva: Proje\u00e7\u00e3o filmes em competi\u00e7\u00e3o 21:35h Arouca &#8211; Ir\u00e3o O Cinema Iraniano | Entrevista com Cineasta Javid Sobahni 13 de Setembro Ter\u00e7a-Feira 17:00h Loja dos Doces Conventuais O Cinema, Ambiente e Sustentabilidade| Conversa com Ana Hortense e Jorge Amorim 20:45h Loja dos Doces Conventuais 7\u00aa Sess\u00e3o Competitiva: Proje\u00e7\u00e3o filmes em competi\u00e7\u00e3o 14 de Setembro Quarta-feira 10:00h &#8211; 12:00h Loja Interativa de Turismo Programa Educativo | Cinema na Escola | Rece\u00e7\u00e3o Alunos ESA + visualiza\u00e7\u00e3o e An\u00e1lise de filme \/ Sess\u00e3o Competitiva extra 14:30h &#8211; 17:15h Escola Secund\u00e1ria de Arouca Programa Educativo | Cinema na Escola | O conflito da Ucr\u00e2nia e o poder do cinema 20:45h Loja dos Doces Conventuais 8\u00aa Sess\u00e3o Competitiva: Proje\u00e7\u00e3o filmes em competi\u00e7\u00e3o 15 de Setembro Quinta-Feira 9:30h &#8211; 12:00h Escola Secund\u00e1ria de Arouca Programa Educativo | Cinema na Escola | As regras do document\u00e1rio e o seu poder de reflex\u00e3o 11:20h Arouca &#8211; Ir\u00e3o O Cinema Iraniano | Entrevista com Cineasta Javid Sobahni 14:30h &#8211; 17:00h Escola Secund\u00e1ria de Arouca Programa Educativo | Cinema na Escola | Explorar emo\u00e7\u00f5es no mundo cinematogr\u00e1fico 18:00h Bianco &#8211; Vale de Cambra Cinema and Ice Cream | Conversa com Cineasta 20:45h Loja dos Doces Conventuais 9\u00aa Sess\u00e3o Competitiva: Proje\u00e7\u00e3o filmes em competi\u00e7\u00e3o 16 de Setembro Sexta-feira 9:30h &#8211; 12:30h Escola Secund\u00e1ria de Arouca Programa Educativo | Cinema na Escola | Workshop de anima\u00e7\u00e3o \u201cKeyframe Surgery\u201d com o especialista da Disney e vencedor de dois \u00d3scares Daniel Peixe 21:00h Loja Interativa de Turismo Abertura de portas \/ rece\u00e7\u00e3o aos convidados 21:20h Loja Interativa de Turismo Performance Teatro: GCRR 21:30h Academia de M\u00fasica de Arouca Cerim\u00f3nia de abertura do 20.\u00ba Arouca Film Festival Transmiss\u00e3o 1\u00aa Performance de M\u00fasica 21:40h Academia de M\u00fasica de Arouca Discursos de Abertura (Diretor AFF + CMA + Convidado) 22:05h Loja Interativa de Turismo Tert\u00falia cinematogr\u00e1fica: \u201cA Sustentabilidade no Cinema\u201d 22:30h Academia de M\u00fasica de Arouca 2\u00aa Performance de M\u00fasica 22:35h Academia de M\u00fasica de Arouca 10\u00aa Sess\u00e3o Competitiva &#8211; Proje\u00e7\u00e3o de filme em competi\u00e7\u00e3o 22:40h Academia de M\u00fasica de Arouca Proje\u00e7\u00e3o do filme de abertura do 20\u00ba Arouca Film Festival | 2 Duros de Roer 17 de Setembro S\u00e1bado 14:50h Loja Interativa de Turismo 11\u00aa Sess\u00e3o Competitiva: Proje\u00e7\u00e3o filmes em competi\u00e7\u00e3o | Longa Metragem 15:00h Loja dos Doces Conventuais Workshop STOP MOTION para Crian\u00e7as 19:00h Arouca Jantar dos Realizadores 21:15h Loja dos Doces Conventuais 12\u00aa Sess\u00e3o Competitiva: Proje\u00e7\u00e3o de filmes em competi\u00e7\u00e3o 22:15h Loja dos Doces Conventuais Cerim\u00f3nia de Encerramento | An\u00fancio dos vencedores da 20\u00aa edi\u00e7\u00e3o 22:30h Loja dos Doces Conventuais A Festa do Cinema | Festa tem\u00e1tica","thumbnail_url":"https:\/\/aroucafilmfestival.com\/wp-content\/uploads\/2023\/04\/Banner-Inscricoes-2023_FACE-scaled.jpg","thumbnail_width":2560,"thumbnail_height":1073}

Facebook Youtube Instagram Programa Edição 2022 Quinta-FEIRA 8 de Setembro 20:35h São João da Madeira Abertura de Portas 20:50h Casa da Criatividade Cerimónia Pré-abertura: Receção Convidados 21:00h Casa da Criatividade Danças | Amigos da Danças Transmissão 21:10h Casa da Criatividade Performance Teatral | Grupo Cultural e Recreativo de Rossas | Casa da Criatividade 21:30h Casa da Criatividade Discursos de abertura 21:50h Casa da Criatividade Tertúlia cinematográfica: Convidados 22:25h Casa da Criatividade 1ª Sessão Competitiva 22:30h Casa da Criatividade Cine S. João: Projeção do filme O pai tirano 9 de Setembro Sexta-FEIRA 21:15h Loja Interativa de Turismo 2ª Sessão Competitiva: Projeção 21:30h Loja Interativa de Turismo Projeção do filme galardoado “Sonic Fantasy” e conversa com o realizador Marcos Cabotá  23:30h Loja Interativa de Turismo Tertúlia cinematográfica: Conversa com o realizador Marcos Cabotá 10 de Setembro Sábado 19:00h São João da Madeira Workshop STOP MOTION | GIN Street and Food 21:40h &#8211; 21:50h Loja dos Doces Conventuais 3ª Sessão Competitiva: Projeção filmes em competição 11 de Setembro Domingo 15:00h &#8211; 18:00h Loja Interativa de Turismo 4ª Sessão Competitiva: Projeção filmes competição / 2 Longas 20:45h &#8211; 22:00h Loja dos Doces Conventuais 5ª Sessão Competitiva: Projeção filme / curtas 12 de Setembro Segunda-feira 15:30h Facebook Cinema and Wine: Conversa O Cinema Iraniano | Entrevista com Cineasta Javid Sobahni 20:45 Loja dos Doces Conventuais 6ª Sessão Competitiva: Projeção filmes em competição 21:35h Arouca &#8211; Irão O Cinema Iraniano | Entrevista com Cineasta Javid Sobahni 13 de Setembro Terça-Feira 17:00h Loja dos Doces Conventuais O Cinema, Ambiente e Sustentabilidade| Conversa com Ana Hortense e Jorge Amorim 20:45h Loja dos Doces Conventuais 7ª Sessão Competitiva: Projeção filmes em competição 14 de Setembro Quarta-feira 10:00h &#8211; 12:00h Loja Interativa de Turismo Programa Educativo | Cinema na Escola | Receção Alunos ESA + visualização e Análise de filme / Sessão Competitiva extra 14:30h &#8211; 17:15h Escola Secundária de Arouca Programa Educativo | Cinema na Escola | O conflito da Ucrânia e o poder do cinema 20:45h Loja dos Doces Conventuais 8ª Sessão Competitiva: Projeção filmes em competição 15 de Setembro Quinta-Feira 9:30h &#8211; 12:00h Escola Secundária de Arouca Programa Educativo | Cinema na Escola | As regras do documentário e o seu poder de reflexão 11:20h Arouca &#8211; Irão O Cinema Iraniano | Entrevista com Cineasta Javid Sobahni 14:30h &#8211; 17:00h Escola Secundária de Arouca Programa Educativo | Cinema na Escola | Explorar emoções no mundo cinematográfico 18:00h Bianco &#8211; Vale de Cambra Cinema and Ice Cream | Conversa com Cineasta 20:45h Loja dos Doces Conventuais 9ª Sessão Competitiva: Projeção filmes em competição 16 de Setembro Sexta-feira 9:30h &#8211; 12:30h Escola Secundária de Arouca Programa Educativo | Cinema na Escola | Workshop de animação “Keyframe Surgery” com o especialista da Disney e vencedor de dois Óscares Daniel Peixe 21:00h Loja Interativa de Turismo Abertura de portas / receção aos convidados 21:20h Loja Interativa de Turismo Performance Teatro: GCRR 21:30h Academia de Música de Arouca Cerimónia de abertura do 20.º Arouca Film Festival Transmissão 1ª Performance de Música 21:40h Academia de Música de Arouca Discursos de Abertura (Diretor AFF + CMA + Convidado) 22:05h Loja Interativa de Turismo Tertúlia cinematográfica: “A Sustentabilidade no Cinema” 22:30h Academia de Música de Arouca 2ª Performance de Música 22:35h Academia de Música de Arouca 10ª Sessão Competitiva &#8211; Projeção de filme em competição 22:40h Academia de Música de Arouca Projeção do filme de abertura do 20º Arouca Film Festival | 2 Duros de Roer 17 de Setembro Sábado 14:50h Loja Interativa de Turismo 11ª Sessão Competitiva: Projeção filmes em competição | Longa Metragem 15:00h Loja dos Doces Conventuais Workshop STOP MOTION para Crianças 19:00h Arouca Jantar dos Realizadores 21:15h Loja dos Doces Conventuais 12ª Sessão Competitiva: Projeção de filmes em competição 22:15h Loja dos Doces Conventuais Cerimónia de Encerramento | Anúncio dos vencedores da 20ª edição 22:30h Loja dos Doces Conventuais A Festa do Cinema | Festa temática
